b be z(11). What is the highest common factor of b and 18?
18
Let h(v) = -21*v - 27. Let l be h(-7). Calculate the greatest common divisor of l and 12.
12
Suppose 2*u - 24 + 12 = 5*r, -4 = -r. Calculate the greatest common factor of u and 28.
4
Let f be 0/((-8)/20*-5). Let o be (f - -4)/16 + 6/8. Calculate the highest common factor of 3 and o.
1
Let n be (-3)/(-12) - (-420)/48. Calculate the highest common divisor of n and 117.
9
Let g(x) = 60*x**2 + 6*x + 1. Let c be g(-1). What is the highest common divisor of 11 and c?
11
Let v(r) = -2*r - 10. Let w be v(-9). Suppose -w*y = -9*y - 5. Let o be (-122)/(-8) + y/20. Calculate the highest common factor of 10 and o.
5
Suppose 0 = 11*f - 8*f - 9. Suppose -2*t = 4*o + 14, 5*t + f*o = 3*t - 10. Calculate the greatest common factor of 7 and t.
1
Let m(t) = 14*t + 8*t - 6*t + 1 + 4. Let p(x) = -15*x - 4. Let j(d) = -4*m(d) - 5*p(d). Let u be j(9). Calculate the greatest common factor of u and 11.
11
Let u be (8397/18 - -1)*2. Calculate the highest common divisor of u and 55.
55
Suppose -2*m - 56 = -4*m. Suppose 35*p - 336 = 31*p. Calculate the highest common divisor of p and m.
28
Let i be (-108)/(-189) - (-241)/7. What is the highest common factor of 205 and i?
5
Let d(y) be the third derivative of 41*y**6/120 + y**5/60 - y**4/24 + y**3/6 - 12*y**2. Let l be d(1). What is the greatest common factor of 294 and l?
42
Let w(y) = y**3 - 10 - 2*y**3 - 2*y**3 + 4*y**3 + 6*y**2 - 9*y. Let j be w(-5). Calculate the highest common factor of 12 and j.
12
Let j = -675 + 1049. What is the highest common divisor of j and 22?
22
Suppose 22*o + 2964 = 41*o. Calculate the greatest common factor of 351 and o.
39
Suppose 0 = 4*b + 1 - 5, 0 = 5*f + 3*b - 58. What is the highest common divisor of f and 22?
11
Suppose 3*k - 134 = 2*m, -2*k - 2*k + 4*m + 172 = 0. Calculate the greatest common factor of k and 6.
6
Let r = -46 - -50. Let b be (-4)/2*(-34)/r. Calculate the highest common factor of 119 and b.
17
Suppose -5*m = -8*m + 3, -2*t - 5*m + 879 = 0. Calculate the highest common factor of t and 23.
23
Suppose -4*j + 212 = 4*g, g + 16*j - 43 = 20*j. What is the highest common factor of g and 663?
51
Let g = -1480 - -1578. Let d be ((-6)/(-4))/(1/2). Suppose -5*j = 4*q + q - 95, -d*q + 15 = 0. Calculate the highest common divisor of g and j.
14
Suppose 0*n = n - 3. Suppose 4*z = -4*y - 44, -3*y + n*z + 6 = 33. Let s be ((-1)/(-1))/((-5)/y). What is the highest common factor of s and 18?
2
Let y be 2 + 3/(-3) + 79. Let l = y + -10. Suppose 4*g = u + 117, -u - 33 = 4*g - 5*g. Calculate the highest common factor of l and g.
14
Let r = -61 - -102. Suppose 0 = -p - 5*u + r, -2*p - 4*u = -98 + 28. Calculate the greatest common factor of p and 93.
31
Let r(q) = q**2 - 3*q - 8. Let i be r(-5). What is the greatest common factor of i and 72?
8
Suppose -j + 1096 = -o + 4*o, 3*o = -3*j + 1104. What is the highest common factor of 104 and o?
52
Let u = -1688 + 1715. Let y be (18/4)/((-5)/(-210)). Calculate the greatest common divisor of u and y.
27
Let a be (-1)/(51/(-48) - -1). Let t = 523 + -276. Suppose -3*l + p = -t + 4, 2*l + p = 157. What is the greatest common divisor of a and l?
16
Let v(s) = -s**2 - 8*s - 4. Let b be v(-6). Let k(y) = -55*y**3 - y. Let c be k(-1). What is the highest common divisor of b and c?
8
Let m be 416 - -2*(-14)/(-7). Calculate the greatest common divisor of m and 40.
20
Let a be (10/25)/(1/30). Suppose -u - g + 22 = 0, 0*u + 2*g + 46 = 3*u. Calculate the greatest common factor of a and u.
6
Let o = 85 + -48. Calculate the greatest common divisor of 148 and o.
37
Let v = 77 - 67. Suppose 4*a - v = 3*a. Calculate the greatest common factor of a and 6.
2
Let o = -8 + 9. Let u be (-24*o)/(45/(-240)). What is the highest common factor of 8 and u?
8
Suppose 4*k + 70 = f, -3*f - 2*k = -6*f + 260. Calculate the highest common divisor of f and 570.
30
Let i(u) = 2*u - 22. Let t be i(12). Calculate the greatest common divisor of t and 54.
2
Let w(f) = f**2 - 26*f + 41. Let y be w(25). Calculate the greatest common factor of 448 and y.
16
Let y = -206 - -416. Suppose -13*n + 10*n = -45. What is the greatest common divisor of y and n?
15
Let i be (-10794)/(-35) + (-2)/5. Suppose -462 = -3*r + 3*x, 4*x = -2*r - x + i. What is the highest common divisor of 14 and r?
14
Let y(k) = k**2 + 6*k - 7. Let z be y(-10). Let j = z - 32. Calculate the highest common factor of j and 5.
1
Let l(d) = -d**2 - 33*d + 187. Let k be l(-25). Calculate the highest common factor of 9 and k.
9
Let o = -486 - -488. What is the greatest common divisor of 134 and o?
2
Let a = -6 + 16. Suppose -a = -2*v - 24. Let l(q) = q**2 - 13. Let s be l(v). What is the greatest common factor of 90 and s?
18
Let l be -16*(-3)/(9/(-6)). Let x = -3 - -7. Let p be 26*(-4)/l*x. What is the greatest common divisor of p and 143?
13
Suppose -4*f + 34 + 86 = 4*u, 0 = -5*u - 3*f + 156. What is the greatest common divisor of u and 44?
11
Suppose 0 = -2*t + 36 - 2. Let w be 24*-4*2/(-16). Let f be w/(-8)*-22 - -1. Calculate the highest common factor of t and f.
17
Let f be 464 - ((-450)/135)/((-4)/(-6)). Calculate the greatest common divisor of f and 21.
7
Let t be (99/66)/((-2)/(-1404)). Calculate the highest common factor of t and 81.
81
Let i(f) = 37*f - 35. Let t be i(7). What is the highest common divisor of 64 and t?
32
Suppose -l - l = -64. Suppose 5*z = l + 118. Let b(h) = -2*h - 1. Let i be b(-8). Calculate the highest common factor of i and z.
15
Let d = 45 + 75. Calculate the greatest common factor of d and 35.
5
Let x(c) = c**2 + 35*c - 198. Let s be x(7). What is the greatest common factor of 552 and s?
24
Let w(t) = t**3 + 8*t**2 - 26*t - 1. Let p be w(-10). What is the highest common factor of p and 649?
59
Let s = -742 - -1078. Calculate the highest common divisor of s and 192.
48
Let l(v) be the third derivative of -v**6/60 + v**5/6 - v**4/4 + 5*v**3/6 - 39*v**2. Let z be l(4). What is the greatest common factor of 169 and z?
13
Let c(v) be the third derivative of v**5/30 - 5*v**4/24 + 11*v**3/6 - 8*v**2. Let d be c(9). Calculate the greatest common factor of 32 and d.
32
Suppose 0 = 3*o - 5*m - 25, 7*o + 2*m = 2*o + 83. Let f = -35 - -37. Suppose -f*v = -g - 25, 3*g + 20 = 2*v - 15. What is the greatest common factor of o and v?
5
Let p = -270 - -294. What is the greatest common factor of p and 600?
24
Let i be ((-858)/(-77))/((-5)/(-7))*10. What is the greatest common divisor of i and 4?
4
Let o be (-1 + (-22)/(-10))*25. Let v(i) = -14*i - 9. Let d be (-84)/35*5/2. Let m be v(d). What is the highest common factor of o and m?
15
Let h(c) = 18*c - 95. Let z be h(8). Calculate the highest common factor of 147 and z.
49
Let o be 178 - -2 - (-70)/(-14). Calculate the greatest common factor of o and 7.
7
Suppose 2*s - 73 = 2*g + 29, -2*s - 2*g = -114. What is the greatest common divisor of 270 and s?
54
Let i be 0 + 4/(-2) + 2. Let o(p) = p + 55. Let y be o(i). Let r(b) = b**3 - b**2 + b + 5. Let w be r(0). Calculate the highest common divisor of w and y.
5
Let q = 18 - 5. Let p be 0 + (-1)/((-1)/q). Let h = 39 - 26. What is the greatest common divisor of h and p?
13
Let l be 8/(-44) - 530/(-11). Let a be 66/10 - (-12)/30. Let w = -1 + a. Calculate the greatest common factor of w and l.
6
Let k(g) = -3*g**2 + 0*g**3 - g**3 + 9*g**2 + 6*g + 10. Let a be k(7). Suppose a*x + 28 = 127. What is the greatest common divisor of x and 22?
11
Let p be (34/(-6) - 3)*-3. What is the highest common factor of p and 208?
26
Let l(o) = -6*o + 53. Let w be l(7). Calculate the highest common divisor of w and 88.
11
Let b = 34 + -32. Let i be 266 + (-4 - (b - 3)). Suppose 7*l - i - 276 = 0. What is the highest common divisor of l and 11?
11
Let q = -80 - -83. Suppose -q*p + p = -80. What is the greatest common divisor of p and 440?
40
Let o be (-14760)/(-574) - (1 + 18/(-14)). Calculate the highest common factor of o and 91.
13
Let o be (-4)/26 + 501/(-39). Let t be 2/o - (-1956)/39. Calculate the highest common divisor of t and 20.
10
Let r = -96 + 95. Let j be (r/5)/1 - 1332/(-60). What is the greatest common divisor of j and 2?
2
Let d be 20 + ((-27)/(-3))/(-3). Suppose 2*f = f + d. Suppose 0*y - 280 = -5*j + 5*y, 0 = -j - 3*y + 36. What is the highest commo